 0 = -2*i + h + 3. Let c be i + (-3)/(6/(-4)). Let d be 3 + 4 + (-1)/c. Calculate the highest common divisor of 66 and d.
6
Suppose -j = -82 + 28. What is the highest common factor of 135 and j?
27
Let b = 34 + -24. Let s(g) = 2*g**2 - 4*g + 4. Let p be s(-6). What is the greatest common factor of p and b?
10
Suppose -j = 3*g - 20, 2*j = j + g. Suppose -j*k - 21 = -66. Let x be 1/(-4) + 506/8. What is the highest common divisor of x and k?
9
Suppose 224*q - 228*q + 960 = 0. What is the highest common divisor of 96 and q?
48
Suppose 0 = 2*q + 6 - 34. Let u be 2/((-2)/(-44)*4). Let h = u - 4. Calculate the greatest common factor of q and h.
7
Let g = 59 + -31. Let q be 4/(-1)*(-14)/8. What is the highest common divisor of g and q?
7
Let k be ((-4)/6)/(4/(-84)). What is the greatest common factor of k and 14?
14
Let z = 18 + -13. Suppose -2*i - 10 = -2*g - 0*g, 5*i - 75 = -z*g. Let n be 22*5/(-1 + 2). Calculate the highest common divisor of g and n.
10
Let i(x) = x**3 - 8*x**2 + 7*x + 10. Let r = 23 - 16. Let c be i(r). Calculate the greatest common divisor of 40 and c.
10
Let q = 5 + -5. Suppose -4*m + 3*m + 11 = q. What is the greatest common divisor of m and 99?
11
Let w(u) = u - 1. Let r be w(5). Suppose 35 + 50 = r*x - 3*a, 3*x = 2*a + 65. Calculate the highest common factor of x and 25.
25
Let m be (-8)/44 + 70/22. Suppose -8 + 146 = m*r + 3*t, -3*r + 170 = -5*t. Suppose 0 = -5*f + 58 - 8. What is the highest common factor of f and r?
10
Let k = 85 + -75. What is the highest common divisor of k and 20?
10
Let a = 368 - 233. What is the highest common factor of 15 and a?
15
Let v = 65 - 64. Calculate the highest common factor of v and 8.
1
Suppose -98 + 473 = 5*n. Calculate the highest common factor of 25 and n.
25
Let i be 2 - (-21 - (-2)/(-1)). Suppose -4*s = 4*b - 5*s - 18, 0 = b + 3*s + 2. Suppose -3*o + 11 + b = 0. Calculate the greatest common divisor of i and o.
5
Suppose -3*b - b = -t - 50, -5*b = -25. Let s be (-2)/5 - 1272/t. Let i = 11 + -4. Calculate the greatest common divisor of i and s.
7
Suppose -r + 110 = -44. Calculate the highest common divisor of 14 and r.
14
Let v = -25 - -46. Calculate the highest common factor of 84 and v.
21
Let z(g) = -16*g + 3. Let n be z(-1). Calculate the highest common divisor of n and 95.
19
Let u be (-15)/(-2)*(-1 + 172/12). Calculate the highest common factor of 25 and u.
25
Let w = -12 - -78. Suppose 0 = 6*l - 3*l - 18. What is the greatest common divisor of l and w?
6
Let p(k) = -k**2 + 11*k + 1. Let x be p(10). What is the greatest common factor of 88 and x?
11
Let i be (2 - 0) + 14/2. Let a be 3/9*1*i. Suppose -3*p = -2*h - 79, -3*p + 0*p - 5*h + 86 = 0. Calculate the greatest common divisor of p and a.
3
Let l be (-89)/(-3) + 5/15. Suppose 0*k = k - l. What is the highest common divisor of 12 and k?
6
Let t = -21 - -39. Calculate the greatest common factor of 45 and t.
9
Suppose 0 = 3*q - 8 - 4. Let s be (20/16)/(1/q). Suppose -s*n = -10*n + 550. What is the highest common factor of 10 and n?
10
Let b(d) = -4*d**2 - 3*d - 1. Let f be b(5). Let u = f - -460. Suppose u = 3*s + 113. Calculate the greatest common divisor of 7 and s.
7
Let m = 0 + 2. Suppose -7*o + 3*k + 90 = -2*o, -3*o + m*k = -54. What is the highest common divisor of o and 45?
9
Let g = -68 - -96. Let h be 3 - 0 - (1 + 0). Suppose h*y - 4*y = -14. What is the highest common factor of y and g?
7
Let i = -10 - -13. Let z(h) = 16*h + 1. Let j be z(i). Calculate the greatest common divisor of 7 and j.
7
Suppose 3*w = 4*w + 5*n - 15, -4*w + 9 = 3*n. Suppose -l = 2*s - s + 143, -5*s + 5*l - 765 = w. Let c = -85 - s. Calculate the highest common factor of c and 7.
7
Suppose 2 = 5*a + 5*m - 53, -a + 1 = -m. Let v = 6 + -4. Suppose -v*r + a = -0*r. Calculate the highest common divisor of 21 and r.
3
Let f(x) = 7*x**3 - 2*x**2 + 11 - 10 + 19*x**3. Let b be f(1). Suppose 0 = 4*m + 16, 255 - b = 3*g + m. Calculate the highest common divisor of 13 and g.
13
Suppose -7*v - 10 = -5*j - 2*v, 3*j - 5*v = -2. Let f = j - -36. What is the highest common divisor of 28 and f?
14
Let w(j) = -3*j - 2 - 1 + 2 - 2. Let f be w(-4). Calculate the highest common factor of f and 3.
3
Let a(p) = -p**2 - 9*p - 2. Suppose -4*z - 8 = 12. Let m be a(z). What is the highest common divisor of m and 45?
9
Let b = 26 + -7. Calculate the highest common divisor of b and 19.
19
Let c(j) = j**2 + 6*j + 5. Let g be c(-6). Let b be g/(-2)*1*-6. Let v = 40 + b. What is the highest common divisor of v and 11?
11
Let l = -5 + -1. Let i be 4/(-6) - 148/l. Calculate the greatest common factor of 16 and i.
8
Let k(c) = c**2 + 2*c - 3. Let y be k(6). Suppose 0 = -4*l - 4*m - 8, -4*l - 3*m - 3 - 3 = 0. Let s = y + l. Calculate the highest common factor of 30 and s.
15
Let u(x) = -x - 1. Let z(a) = 7*a + 4. Let p(k) = 6*u(k) + z(k). Let i be p(8). What is the highest common divisor of i and 18?
6
Let u be 1/((6/(-128))/(-3)). Let o = u - 19. What is the greatest common factor of o and 18?
9
Let s be (20/(-40))/(1/(-48)). Calculate the greatest common divisor of 192 and s.
24
Let p(g) = 2*g + 95. Let w be p(0). What is the greatest common factor of w and 38?
19
Let o be 7/((-21)/(-9)) - -1. Let s be (o/14)/(4/28). Let l(b) = 15*b - 1. Let v be l(1). What is the greatest common divisor of s and v?
2
Let z be ((-2)/3)/((-2)/24). Let l be (-2 - 1 - 6)*-8. Calculate the highest common factor of l and z.
8
Let y(g) be the second derivative of g**3/6 - g**2 - g. Let t be y(3). Let k(l) = -l**2 + 8*l - 4. Let p be k(6). What is the greatest common factor of t and p?
1
Suppose 4*f + p - 2 = 12, 4*p = -5*f + 12. Suppose -u = -5*y + 5, -y - f*y + 105 = 4*u. Calculate the greatest common divisor of u and 30.
10
Suppose -4*w + 2 = -6. Let o be 15 - 1*(-2 + 1). What is the highest common factor of w and o?
2
Let v be 20*(-2 - 15/(-6)). Let f(c) = 2*c - 7 + 2 + 3*c. Let d be f(5). Calculate the highest common factor of d and v.
10
Suppose 2*i - 90 = -a, -5*i = -4*a - 0*a + 412. Suppose -6*u = -3*u - 42. What is the highest common divisor of u and a?
14
Suppose -2*w + 4*d - 4 = -2, 2*d - 46 = -4*w. Suppose 4*n = -7 - 173. Let r be (0 - (-1 - -2))*n. What is the highest common factor of r and w?
9
Suppose -4*d + 715 = d. Let u be (-5 - 8)/(3/(-3)). What is the highest common factor of d and u?
13
Suppose -4*s - 2*f = -86, -s - s - 5*f = -55. Let c = 7 + -3. Calculate the highest common divisor of s and c.
4
Suppose -z - 2*t + 76 = 0, -z - t = -3*z + 142. Calculate the highest common factor of z and 8.
8
Let u = -13 + 15. Suppose -10 = -2*z + u*j + 2, 4*z + 4*j = 0. What is the highest common divisor of 3 and z?
3
Suppose 4*p + 16 = -d, -8 = -d + p + p. Suppose d = -6*z + 5*z + 88. What is the highest common factor of z and 8?
8
Suppose 43*a = 45*a - 28. Let n be (-2)/(-3) + (-1)/(-3). Let o be 42*(-1 - n - -3). Calculate the greatest common divisor of o and a.
14
Let u be ((-8)/(-10))/((-4)/(-30)). Let a = 148 + -139. What is the highest common factor of u and a?
3
Let c = 6 - 13. Suppose t - 16 - 6 = 0. Let y = c + t. Calculate the greatest common divisor of y and 10.
5
Let i = -168 - -667. Suppose -w = -2, 0 = -3*a - 5*w - 27 + i. Let l = -11 - -25. Calculate the highest common factor of a and l.
14
Let u be 8/(-4*(-3)/24). Calculate the greatest common divisor of u and 48.
16
Let a be (0 + 0)/(-2 + 0). Let w(r) = r**3 + r**2 - r + 45. Let c be w(a). What is the greatest common divisor of 15 and c?
15
Suppose 0 = c - 11 - 0. Let k(l) = -2*l - 12*l**2 - l**3 + 0*l**3 + l - 5*l + 16. Let d be k(-12). Calculate the highest common divisor of c and d.
11
Let w = -10 - -23. Calculate the greatest common factor of w and 39.
13
Let w be (8/(-10))/(1/(-15)). Let x(b) be the third derivative of -b**4/12 + 2*b**3/3 - 2*b**2. Let c be x(-4). Calculate the greatest common factor of c and w.
12
Suppose -5*v = -0*v - 150. Let n = v + -17. What is the highest common divisor of 13 and n?
13
Let t(i) be the second derivative of i**4/12 + 35*i**2/2 + i. Let v be t(0). Let n = 26 + -12. What is the highest common factor of v and n?
7
Suppose h = 3 - 5. Let n be (214/6)/(h/24). Let m be n/(-18) + (-8)/(-36). What is the greatest common factor of m and 12?
12
Let x be -3 + 0/(-3) + -28. Let u = x - -44. Sup